a multiple of 171?
True
Does 12 divide 17988?
True
Is 8001433 a multiple of 1004?
False
Is 5 a factor of 13170?
True
Is 8 a factor of 1523160?
True
Is 25 a factor of 2045968?
False
Does 2 divide 398840?
True
Does 103 divide 112485?
False
Is 12972 even?
True
Is 15 a factor of 123776?
False
Is 1099598 a multiple of 36?
False
Is 16 a factor of 87856?
True
Is 390 a factor of 377910?
True
Is 22572 a multiple of 24?
False
Is 12 a factor of 665587?
False
Does 153 divide 121247?
False
Is 1506897 a multiple of 16?
False
Does 21 divide 494382?
True
Is 103144 a multiple of 155?
False
Is 46448 a multiple of 53?
False
Is 16 a factor of 4828768?
True
Is 52 a factor of 2127580?
True
Does 4 divide 5515380?
True
Does 272 divide 248463?
False
Does 37 divide 13336324?
False
Is 414757 a multiple of 307?
True
Is 144 a factor of 162288?
True
Is 607 a factor of 1169689?
True
Does 8 divide 5304448?
True
Does 21 divide 1881148?
False
Does 126 divide 1114344?
True
Is 185441 a multiple of 155?
False
Is 709 a factor of 213409?
True
Is 452 a factor of 1257916?
True
Is 25 a factor of 190680?
False
Is 50 a factor of 310300?
True
Does 31 divide 554326?
False
Is 71214 a multiple of 30?
False
Does 188 divide 167019?
False
Is 11 a factor of 3166295?
True
Is 1921244 a multiple of 9?
False
Is 19 a factor of 799691?
True
Does 11 divide 5727?
False
Does 2 divide 118725?
False
Is 8417510 a multiple of 357?
False
Does 7 divide 122014?
False
Is 6731400 a multiple of 1560?
True
Is 166 a factor of 759782?
True
Does 5 divide 11028?
False
Is 60 a factor of 16655932?
False
Does 57 divide 12825?
True
Is 114 a factor of 463068?
True
Does 196 divide 204907?
False
Is 2 a factor of 549093?
False
Is 162161 a multiple of 259?
False
Is 306265 a multiple of 260?
False
Does 403 divide 715215?
False
Does 8 divide 216793?
False
Does 25 divide 4314200?
True
Is 17 a factor of 2089293?
False
Is 249 a factor of 1492755?
True
Is 139 a factor of 1357335?
True
Is 8518355 a multiple of 1621?
True
Is 168048 a multiple of 8?
True
Is 98857 a multiple of 19?
True
Is 1703446 a multiple of 247?
False
Is 8113032 a multiple of 13?
False
Is 1425108 a multiple of 103?
True
Is 281520 a multiple of 184?
True
Is 2621200 a multiple of 200?
True
Does 12 divide 161918?
False
Is 51 a factor of 55659?
False
Is 1359 a factor of 21824931?
False
Does 32 divide 586805?
False
Is 11 a factor of 218493?
True
Is 314 a factor of 5483068?
True
Is 26716520 a multiple of 101?
True
Is 126456 a multiple of 11?
True
Does 146 divide 214036?
True
Is 2129080 a multiple of 178?
False
Is 66 a factor of 193710?
True
Does 19 divide 103838?
False
Is 245 a factor of 97879?
False
Does 515 divide 1516249?
False
Does 11 divide 30446939?
False
Does 360 divide 459720?
True
Does 115 divide 6626250?
False
Is 198 a factor of 109194?
False
Is 1480845 a multiple of 50?
False
Is 221578 a multiple of 238?
True
Is 103734 a multiple of 18?
True
Does 1306 divide 147578?
True
Is 116 a factor of 23664?
True
Is 68 a factor of 2388840?
True
Does 12 divide 215016?
True
Is 754 a factor of 10449005?
False
Is 286 a factor of 1146465?
False
Does 31 divide 67022?
True
Is 21 a factor of 28896?
True
Does 298 divide 242441?
False
Is 51330 a multiple of 54?
False
Does 430 divide 218440?
True
Does 23 divide 814936?
True
Is 690008 a multiple of 4?
True
Is 698730 a multiple of 627?
False
Is 238 a factor of 227457?
False
Is 72 a factor of 16471?
False
Is 1302091 a multiple of 28?
False
Does 74 divide 1121289?
False
Does 15 divide 50895?
True
Is 21434451 a multiple of 511?
False
Is 15 a factor of 152603?
False
Is 178 a factor of 377360?
True
Is 491696 a multiple of 4?
True
Is 16 a factor of 273616?
True
Is 13 a factor of 223436?
False
Does 1569 divide 3583543?
False
Is 16 a factor of 497568?
True
Is 1355200 a multiple of 25?
True
Is 67 a factor of 63528?
False
Is 7 a factor of 1380552?
False
Does 170 divide 158440?
True
Is 21859 even?
False
Is 149 a factor of 98852?
False
Does 736 divide 6948429?
False
Is 116694 a multiple of 15?
False
Is 34 a factor of 1231810?
False
Does 27 divide 892009?
False
Does 381 divide 902970?
True
Is 347 a factor of 323057?
True
Is 61834 even?
True
Does 3 divide 7056?
True
Is 71 a factor of 2347149?
False
Is 5 a factor of 42735?
True
Is 104 a factor of 10442914?
False
Does 885 divide 5220615?
True
Is 203880 a multiple of 40?
True
Is 2842000 a multiple of 200?
True
Is 11578749 a multiple of 91?
True
Is 10785 a multiple of 5?
True
Is 17923 a multiple of 2?
False
Does 190 divide 10659214?
False
Does 445 divide 182572?
False
Is 2631992 a multiple of 242?
True
Is 7 a factor of 580352?
False
Does 207 divide 4034430?
True
Does 26 divide 53157?
False
Does 282 divide 137248?
False
Is 28 a factor of 5765704?
True
Is 418 a factor of 143374?
True
Is 19 a factor of 47500?
True
Does 9 divide 1269417?
False
Is 3 a factor of 4596914?
False
Is 1080107 a multiple of 7?
True
Is 16 a factor of 3936?
True
Is 51766 a multiple of 82?
False
Is 400 a factor of 314978?
False
Is 282 a factor of 307944?
True
Is 479624 a multiple of 4?
True
Does 3 divide 1894?
False
Does 16 divide 13920?
True
Is 186200 a multiple of 1225?
True
Is 1065470 a multiple of 70?
True
Is 2141 even?
False
Is 153 a factor of 342800?
False
Is 19 a factor of 164255?
True
Is 7 a factor of 49316?
False
Is 19 a factor of 2403481?
True
Does 116 divide 9142308?
True
Is 79950 a multiple of 50?
True
Is 1817727 a multiple of 205?
False
Does 97 divide 1327851?
False
Does 505 divide 1957885?
True
Is 108360 a multiple of 140?
True
Is 563 a factor of 3709755?
False
Is 11 a factor of 638264?
True
Is 437724 a multiple of 386?
True
Is 129 a factor of 1295031?
True
Does 28 divide 372428?
True
Does 57 divide 342251?
False
Is 4110 a multiple of 5?
True
Is 3440 a multiple of 5?
True
Is 33 a factor of 16731?
True
Is 249679 a multiple of 4?
False
Is 98 a factor of 431984?
True
Does 125 divide 160394?
False
Does 1397 divide 8340090?
True
Does 519 divide 4765977?
True
Is 7 a factor of 118027?
True
Is 271 a factor of 126286?
True
Does 1015 divide 2107140?
True
Does 15 divide 888120?
True
Is 153 a factor of 3978?
True
Is 36 a factor of 4084268?
False
Is 23564138 a multiple of 13?
True
Is 5656760 a multiple of 237?
False
Is 246664 a multiple of 11?
True
Is 12476457 a multiple of 1757?
True
Does 22 divide 6467434?
False
Is 2597608 a multiple of 26?
True
Is 16727302 a multiple of 41?
False
Is 471660 a multiple of 28?
True
Is 1423542 a multiple of 10?
False
Is 39 a factor of 1583049?
True
Does 368 divide 943184?
True
Is 142 a factor of 860203?
False
Is 4501062 a multiple of 54?
True
Is 1006 a factor of 1881734?
False
Is 19007 a multiple of 229?
True
Is 6 a factor of 83502?
True
Is 2327204 a multiple of 44?
True
Is 533 a factor of 391755?
True
Does 63 divide 1688463?
True
Is 13671 a multiple of 26?
False
Is 172975 a multiple of 55?
True
Is 354 a factor of 661272?
True
Does 18 divide 22122?
True
Is 195432 a multiple of 3?
True
Is 29301 a multiple of 58?
False
Does 38 divide 10460184?
True
Is 132 a factor of 2925831?
False
Is 2349828 a multiple of 453?
False
Is 122 a factor of 167262?
True
Does 7 divide 132258?
True
Is 4345264 a multiple of 7?
True
Does 1003 divide 2899673?
True
Is 1015 a factor of 12144475?
True
Is 3 a factor of 8343?
True
Is 95 a factor of 16045?
False
Is 23812 a multiple of 7?
False
Does 2 divide 107387?
False
Does 85 divide 37199998?
False
Does 105 divide 79170?
True
Is 13320991 a multiple of 34?
False
Is 13371150 a multiple of 1707?
False
Does 35 divide 151795?
True
Is 164134 a multiple of 87?
False
Is 117731 a multiple of 24?
False
Is 8608 a multiple of 4?
True
Is 210 a factor of 976687?
False
Is 1351555 a multiple of 16?
False
Is 507 a factor of 6988655?
False
Does 210 divide 889435?
False
Is 22 a factor of 2280168?
True
Is 8 a factor of 153947?
False
Is 7412 a multiple of 11?
False
Is 16 a factor of 144678?
False
Does 16 divide 622768?
True
Does 29 divide 4678077?
True
Is 309370 a multiple of 3?
False
Is 1882412 a multiple of 644?
True
Is 14 a factor of 6253487?
False
Is 557 a factor of 498350?
False
Does 104 divide 4077008?
True
Is 134 a factor of 5108833?
False
Is 40 a factor of 378640?
True
Is 364500 a multiple of 30?
True
Is 240 a factor of 54232?
False
Is 160 a factor of 297948?
False
Does 132 divide 164340?
T